Last updated on 2022-05-19 23:55:26 CEST.
Flavor | Version | Tinstall | Tcheck | Ttotal | Status | Flags |
---|---|---|---|---|---|---|
r-devel-linux-x86_64-debian-clang | 1.1.3 | 25.79 | 163.94 | 189.73 | OK | |
r-devel-linux-x86_64-debian-gcc | 1.1.3 | 21.41 | 123.73 | 145.14 | OK | |
r-devel-linux-x86_64-fedora-clang | 1.1.3 | 237.78 | NOTE | |||
r-devel-linux-x86_64-fedora-gcc | 1.1.3 | 233.57 | NOTE | |||
r-devel-windows-x86_64 | 1.1.3 | 68.00 | 211.00 | 279.00 | NOTE | |
r-patched-linux-x86_64 | 1.1.3 | 31.81 | 158.11 | 189.92 | OK | |
r-release-linux-x86_64 | 1.1.3 | 22.05 | 157.06 | 179.11 | OK | |
r-release-macos-arm64 | 1.1.3 | 63.00 | NOTE | |||
r-release-macos-x86_64 | 1.1.3 | 119.00 | NOTE | |||
r-release-windows-x86_64 | 1.1.3 | 69.00 | 217.00 | 286.00 | NOTE | |
r-oldrel-macos-arm64 | 1.1.3 | 65.00 | NOTE | |||
r-oldrel-macos-x86_64 | 1.1.3 | 123.00 | NOTE | |||
r-oldrel-windows-ix86+x86_64 | 1.1.3 | 45.00 | 199.00 | 244.00 | NOTE |
Version: 1.1.3
Check: installed package size
Result: NOTE
installed size is 8.4Mb
sub-directories of 1Mb or more:
doc 7.0Mb
Flavors: r-devel-linux-x86_64-fedora-clang, r-devel-windows-x86_64, r-release-macos-arm64, r-release-macos-x86_64, r-release-windows-x86_64, r-oldrel-macos-arm64, r-oldrel-macos-x86_64, r-oldrel-windows-ix86+x86_64
Version: 1.1.3
Check: dependencies in R code
Result: NOTE
Namespace in Imports field not imported from: ‘R6’
All declared Imports should be used.
Flavors: r-devel-linux-x86_64-fedora-clang, r-devel-linux-x86_64-fedora-gcc, r-release-macos-arm64, r-release-macos-x86_64, r-oldrel-macos-arm64, r-oldrel-macos-x86_64