CRAN Package Check Results for Package rgen

Last updated on 2022-06-30 02:52:33 CEST.

Flavor Version Tinstall Tcheck Ttotal Status Flags
r-devel-linux-x86_64-debian-clang 0.0.1 1.19 21.96 23.15 NOTE
r-devel-linux-x86_64-debian-gcc 0.0.1 1.53 17.06 18.59 NOTE
r-devel-linux-x86_64-fedora-clang 0.0.1 39.26 NOTE
r-devel-linux-x86_64-fedora-gcc 0.0.1 38.41 NOTE
r-devel-windows-x86_64 0.0.1 16.00 55.00 71.00 NOTE
r-patched-linux-x86_64 0.0.1 1.91 21.39 23.30 NOTE
r-release-linux-x86_64 0.0.1 1.60 20.90 22.50 NOTE
r-release-macos-arm64 0.0.1 16.00 NOTE
r-release-macos-x86_64 0.0.1 23.00 NOTE
r-release-windows-x86_64 0.0.1 13.00 48.00 61.00 NOTE
r-oldrel-macos-arm64 0.0.1 17.00 NOTE
r-oldrel-macos-x86_64 0.0.1 27.00 NOTE
r-oldrel-windows-ix86+x86_64 0.0.1 5.00 42.00 47.00 NOTE

Check Details

Version: 0.0.1
Check: LazyData
Result: NOTE
     'LazyData' is specified without a 'data' directory
Flavors: r-devel-linux-x86_64-debian-clang, r-devel-linux-x86_64-debian-gcc, r-devel-linux-x86_64-fedora-clang, r-devel-linux-x86_64-fedora-gcc, r-devel-windows-x86_64, r-patched-linux-x86_64, r-release-linux-x86_64, r-release-macos-arm64, r-release-macos-x86_64, r-release-windows-x86_64, r-oldrel-macos-arm64, r-oldrel-macos-x86_64, r-oldrel-windows-ix86+x86_64