CRAN Package Check Results for Package rgsp

Last updated on 2024-05-19 12:53:57 CEST.

Flavor Version Tinstall Tcheck Ttotal Status Flags
r-devel-linux-x86_64-debian-clang 0.2.0 4.74 41.54 46.28 NOTE
r-devel-linux-x86_64-debian-gcc 0.2.0 3.65 31.43 35.08 NOTE
r-devel-linux-x86_64-fedora-clang 0.2.0 58.40 NOTE
r-devel-linux-x86_64-fedora-gcc 0.2.0 77.40 NOTE
r-devel-windows-x86_64 0.2.0 5.00 51.00 56.00 NOTE
r-patched-linux-x86_64 0.2.0 5.05 39.70 44.75 NOTE
r-release-linux-x86_64 0.2.0 5.65 39.89 45.54 NOTE
r-release-macos-arm64 0.2.0 21.00 NOTE
r-release-windows-x86_64 0.2.0 6.00 53.00 59.00 NOTE
r-oldrel-macos-arm64 0.2.0 20.00 NOTE
r-oldrel-macos-x86_64 0.2.0 31.00 NOTE
r-oldrel-windows-x86_64 0.2.0 7.00 55.00 62.00 NOTE

Check Details

Version: 0.2.0
Check: LazyData
Result: NOTE 'LazyData' is specified without a 'data' directory Flavors: r-devel-linux-x86_64-debian-clang, r-devel-linux-x86_64-debian-gcc, r-devel-linux-x86_64-fedora-clang, r-devel-linux-x86_64-fedora-gcc, r-devel-windows-x86_64, r-patched-linux-x86_64, r-release-linux-x86_64, r-release-macos-arm64, r-release-windows-x86_64, r-oldrel-macos-arm64, r-oldrel-macos-x86_64, r-oldrel-windows-x86_64