Last updated on 2022-05-20 10:54:49 CEST.
Flavor | Version | Tinstall | Tcheck | Ttotal | Status | Flags |
---|---|---|---|---|---|---|
r-devel-linux-x86_64-debian-clang | 1.1.3 | 6.42 | 380.21 | 386.63 | NOTE | |
r-devel-linux-x86_64-debian-gcc | 1.1.3 | 5.21 | 270.33 | 275.54 | NOTE | |
r-devel-linux-x86_64-fedora-clang | 1.1.3 | 460.57 | NOTE | |||
r-devel-linux-x86_64-fedora-gcc | 1.1.3 | 437.74 | NOTE | |||
r-devel-windows-x86_64 | 1.1.3 | 23.00 | 459.00 | 482.00 | NOTE | |
r-patched-linux-x86_64 | 1.1.3 | 4.29 | 369.69 | 373.98 | NOTE | |
r-release-linux-x86_64 | 1.1.3 | 5.10 | 371.98 | 377.08 | NOTE | |
r-release-macos-arm64 | 1.1.3 | 213.00 | NOTE | |||
r-release-macos-x86_64 | 1.1.3 | 310.00 | NOTE | |||
r-release-windows-x86_64 | 1.1.3 | 19.00 | 454.00 | 473.00 | NOTE | |
r-oldrel-macos-arm64 | 1.1.3 | 310.00 | NOTE | |||
r-oldrel-macos-x86_64 | 1.1.3 | 230.00 | NOTE | |||
r-oldrel-windows-ix86+x86_64 | 1.1.3 | 17.00 | 527.00 | 544.00 | NOTE |
Version: 1.1.3
Check: LazyData
Result: NOTE
'LazyData' is specified without a 'data' directory
Flavors: r-devel-linux-x86_64-debian-clang, r-devel-linux-x86_64-debian-gcc, r-devel-linux-x86_64-fedora-clang, r-devel-linux-x86_64-fedora-gcc, r-devel-windows-x86_64, r-patched-linux-x86_64, r-release-linux-x86_64, r-release-macos-arm64, r-release-macos-x86_64, r-release-windows-x86_64, r-oldrel-macos-arm64, r-oldrel-macos-x86_64, r-oldrel-windows-ix86+x86_64