CRAN Package Check Results for Package ricu

Last updated on 2022-01-24 16:51:25 CET.

Flavor Version Tinstall Tcheck Ttotal Status Flags
r-devel-linux-x86_64-debian-clang 0.5.1 16.62 179.88 196.50 NOTE
r-devel-linux-x86_64-debian-gcc 0.5.1 12.67 131.48 144.15 NOTE
r-devel-linux-x86_64-fedora-clang 0.5.1 233.72 NOTE
r-devel-linux-x86_64-fedora-gcc 0.5.1 219.04 NOTE
r-devel-windows-x86_64-new-UL 0.5.1 138.00 276.00 414.00 NOTE
r-devel-windows-x86_64-new-TK 0.5.1 NOTE
r-patched-linux-x86_64 0.5.1 22.53 166.86 189.39 NOTE
r-release-linux-x86_64 0.5.1 14.54 169.43 183.97 NOTE
r-release-macos-arm64 0.5.1 NOTE
r-release-macos-x86_64 0.5.1 NOTE
r-release-windows-ix86+x86_64 0.5.1 34.00 175.00 209.00 NOTE
r-oldrel-macos-x86_64 0.5.1 NOTE
r-oldrel-windows-ix86+x86_64 0.5.1 34.00 175.00 209.00 NOTE

Check Details

Version: 0.5.1
Check: package dependencies
Result: NOTE
    Packages suggested but not available for checking:
     'mimic.demo', 'eicu.demo'
Flavors: r-devel-linux-x86_64-debian-clang, r-devel-linux-x86_64-debian-gcc, r-devel-linux-x86_64-fedora-clang, r-devel-linux-x86_64-fedora-gcc, r-devel-windows-x86_64-new-UL, r-devel-windows-x86_64-new-TK, r-patched-linux-x86_64, r-release-linux-x86_64, r-release-macos-arm64, r-release-macos-x86_64, r-release-windows-ix86+x86_64, r-oldrel-macos-x86_64, r-oldrel-windows-ix86+x86_64

Version: 0.5.1
Check: dependencies in R code
Result: NOTE
    Namespace in Imports field not imported from: ‘glue’
     All declared Imports should be used.
Flavors: r-devel-linux-x86_64-fedora-clang, r-devel-linux-x86_64-fedora-gcc, r-devel-windows-x86_64-new-TK, r-release-macos-arm64, r-release-macos-x86_64, r-oldrel-macos-x86_64