Last updated on 2022-05-19 16:50:00 CEST.
Flavor | Version | Tinstall | Tcheck | Ttotal | Status | Flags |
---|---|---|---|---|---|---|
r-devel-linux-x86_64-debian-clang | 0.1.8 | 6.13 | 81.06 | 87.19 | OK | |
r-devel-linux-x86_64-debian-gcc | 0.1.8 | 4.82 | 59.88 | 64.70 | OK | |
r-devel-linux-x86_64-fedora-clang | 0.1.8 | 104.09 | OK | |||
r-devel-linux-x86_64-fedora-gcc | 0.1.8 | 98.73 | OK | |||
r-devel-windows-x86_64 | 0.1.8 | 13.00 | 150.00 | 163.00 | OK | |
r-patched-linux-x86_64 | 0.1.8 | 9.33 | 70.62 | 79.95 | ERROR | |
r-release-linux-x86_64 | 0.1.8 | 5.07 | 73.93 | 79.00 | OK | |
r-release-macos-arm64 | 0.1.8 | 98.00 | OK | |||
r-release-macos-x86_64 | 0.1.8 | 109.00 | OK | |||
r-release-windows-x86_64 | 0.1.8 | 17.00 | 144.00 | 161.00 | OK | |
r-oldrel-macos-arm64 | 0.1.8 | 104.00 | OK | |||
r-oldrel-macos-x86_64 | 0.1.8 | 111.00 | OK | |||
r-oldrel-windows-ix86+x86_64 | 0.1.8 | 18.00 | 139.00 | 157.00 | OK |
Version: 0.1.8
Check: re-building of vignette outputs
Result: ERROR
Error(s) in re-building vignettes:
...
--- re-building ‘rinat-intro.Rmd’ using rmarkdown
Quitting from lines 99-101 (rinat-intro.Rmd)
Error: processing vignette ‘rinat-intro.Rmd’ failed with diagnostics:
Your search returned zero results. Perhaps your user does not exist.
--- failed re-building ‘rinat-intro.Rmd’
SUMMARY: processing the following file failed:
‘rinat-intro.Rmd’
Error: Vignette re-building failed.
Execution halted
Flavor: r-patched-linux-x86_64