CRAN Package Check Results for Package ripserr

Last updated on 2022-05-28 16:49:18 CEST.

Flavor Version Tinstall Tcheck Ttotal Status Flags
r-devel-linux-x86_64-debian-clang 0.1.1 51.70 47.50 99.20 NOTE
r-devel-linux-x86_64-debian-gcc 0.1.1 39.99 38.64 78.63 NOTE
r-devel-linux-x86_64-fedora-clang 0.1.1 155.59 NOTE
r-devel-linux-x86_64-fedora-gcc 0.1.1 119.18 NOTE
r-devel-windows-x86_64 0.1.1 48.00 83.00 131.00 NOTE
r-patched-linux-x86_64 0.1.1 46.68 48.68 95.36 NOTE
r-release-linux-x86_64 0.1.1 44.87 50.23 95.10 NOTE
r-release-macos-arm64 0.1.1 32.00 NOTE
r-release-macos-x86_64 0.1.1 50.00 NOTE
r-release-windows-x86_64 0.1.1 46.00 89.00 135.00 NOTE
r-oldrel-macos-arm64 0.1.1 36.00 NOTE
r-oldrel-macos-x86_64 0.1.1 74.00 NOTE
r-oldrel-windows-ix86+x86_64 0.1.1 122.00 97.00 219.00 NOTE

Check Details

Version: 0.1.1
Check: LazyData
Result: NOTE
     'LazyData' is specified without a 'data' directory
Flavors: r-devel-linux-x86_64-debian-clang, r-devel-linux-x86_64-debian-gcc, r-devel-linux-x86_64-fedora-clang, r-devel-linux-x86_64-fedora-gcc, r-devel-windows-x86_64, r-patched-linux-x86_64, r-release-linux-x86_64, r-release-macos-arm64, r-release-macos-x86_64, r-release-windows-x86_64, r-oldrel-macos-arm64, r-oldrel-macos-x86_64, r-oldrel-windows-ix86+x86_64