CRAN Package Check Results for Package riskParityPortfolio

Last updated on 2022-05-24 19:58:20 CEST.

Flavor Version Tinstall Tcheck Ttotal Status Flags
r-devel-linux-x86_64-debian-clang 0.2.2 94.22 62.61 156.83 OK
r-devel-linux-x86_64-debian-gcc 0.2.2 72.98 50.66 123.64 OK
r-devel-linux-x86_64-fedora-clang 0.2.2 222.38 NOTE
r-devel-linux-x86_64-fedora-gcc 0.2.2 192.52 OK
r-devel-windows-x86_64 0.2.2 221.00 109.00 330.00 OK
r-patched-linux-x86_64 0.2.2 67.48 62.81 130.29 OK
r-release-linux-x86_64 0.2.2 OK
r-release-macos-arm64 0.2.2 54.00 NOTE
r-release-macos-x86_64 0.2.2 94.00 NOTE
r-release-windows-x86_64 0.2.2 119.00 101.00 220.00 OK
r-oldrel-macos-arm64 0.2.2 65.00 NOTE
r-oldrel-macos-x86_64 0.2.2 71.00 NOTE
r-oldrel-windows-ix86+x86_64 0.2.2 211.00 115.00 326.00 OK

Check Details

Version: 0.2.2
Check: installed package size
Result: NOTE
     installed size is 22.5Mb
     sub-directories of 1Mb or more:
     doc 1.4Mb
     libs 20.9Mb
Flavors: r-devel-linux-x86_64-fedora-clang, r-release-macos-arm64, r-release-macos-x86_64, r-oldrel-macos-arm64, r-oldrel-macos-x86_64