CRAN Package Check Results for Package rje

Last updated on 2022-05-20 18:49:25 CEST.

Flavor Version Tinstall Tcheck Ttotal Status Flags
r-devel-linux-x86_64-debian-clang 1.10.16 5.58 49.23 54.81 OK
r-devel-linux-x86_64-debian-gcc 1.10.16 3.99 37.09 41.08 OK
r-devel-linux-x86_64-fedora-clang 1.10.16 65.75 NOTE
r-devel-linux-x86_64-fedora-gcc 1.10.16 62.19 NOTE
r-devel-windows-x86_64 1.10.16 24.00 71.00 95.00 OK
r-patched-linux-x86_64 1.10.16 5.46 46.64 52.10 OK
r-release-linux-x86_64 1.10.16 4.27 46.81 51.08 OK
r-release-macos-arm64 1.10.16 23.00 NOTE
r-release-macos-x86_64 1.10.16 30.00 NOTE
r-release-windows-x86_64 1.10.16 27.00 73.00 100.00 OK
r-oldrel-macos-arm64 1.10.16 31.00 NOTE
r-oldrel-macos-x86_64 1.10.16 38.00 NOTE
r-oldrel-windows-ix86+x86_64 1.10.16 13.00 74.00 87.00 OK

Check Details

Version: 1.10.16
Check: dependencies in R code
Result: NOTE
    Namespace in Imports field not imported from: ‘knitr’
     All declared Imports should be used.
Flavors: r-devel-linux-x86_64-fedora-clang, r-devel-linux-x86_64-fedora-gcc, r-release-macos-arm64, r-release-macos-x86_64, r-oldrel-macos-arm64, r-oldrel-macos-x86_64