CRAN Package Check Results for Package rlang

Last updated on 2022-01-17 01:48:34 CET.

Flavor Version Tinstall Tcheck Ttotal Status Flags
r-devel-linux-x86_64-debian-clang 0.4.12 16.66 116.10 132.76 OK
r-devel-linux-x86_64-debian-gcc 0.4.12 14.23 89.21 103.44 OK
r-devel-linux-x86_64-fedora-clang 0.4.12 165.84 OK
r-devel-linux-x86_64-fedora-gcc 0.4.12 156.82 OK
r-devel-windows-x86_64-new-UL 0.4.12 326.00 170.00 496.00 WARN
r-devel-windows-x86_64-new-TK 0.4.12 WARN
r-patched-linux-x86_64 0.4.12 17.93 114.95 132.88 OK
r-release-linux-x86_64 0.4.12 OK
r-release-macos-arm64 0.4.12 OK
r-release-macos-x86_64 0.4.12 OK
r-release-windows-ix86+x86_64 0.4.12 40.00 193.00 233.00 OK
r-oldrel-macos-x86_64 0.4.12 OK
r-oldrel-windows-ix86+x86_64 0.4.12 30.00 194.00 224.00 OK

Check Details

Version: 0.4.12
Check: whether package can be installed
Result: WARN
    Found the following significant warnings:
     internal/hash.c:142:16: warning: too many arguments for format [-Wformat-extra-args]
Flavors: r-devel-windows-x86_64-new-UL, r-devel-windows-x86_64-new-TK