CRAN Package Check Results for Package rmarchingcubes

Last updated on 2023-05-30 16:00:43 CEST.

Flavor Version Tinstall Tcheck Ttotal Status Flags
r-devel-linux-x86_64-debian-clang 0.1.3 49.05 50.88 99.93 NOTE
r-devel-linux-x86_64-debian-gcc 0.1.3 32.63 38.54 71.17 NOTE
r-devel-linux-x86_64-fedora-clang 0.1.3 140.28 NOTE
r-devel-linux-x86_64-fedora-gcc 0.1.3 137.90 NOTE
r-devel-windows-x86_64 0.1.3 36.00 89.00 125.00 NOTE
r-patched-linux-x86_64 0.1.3 33.92 48.55 82.47 NOTE
r-release-linux-x86_64 0.1.3 31.51 48.07 79.58 NOTE
r-release-macos-arm64 0.1.3 38.00 NOTE
r-release-macos-x86_64 0.1.3 60.00 NOTE
r-release-windows-x86_64 0.1.3 44.00 96.00 140.00 NOTE
r-oldrel-macos-arm64 0.1.3 37.00 OK
r-oldrel-macos-x86_64 0.1.3 46.00 OK
r-oldrel-windows-x86_64 0.1.3 44.00 92.00 136.00 OK

Check Details

Version: 0.1.3
Check: C++ specification
Result: NOTE
     Specified C++11: please drop specification unless essential
Flavors: r-devel-linux-x86_64-debian-clang, r-devel-linux-x86_64-debian-gcc, r-devel-linux-x86_64-fedora-clang, r-devel-linux-x86_64-fedora-gcc, r-devel-windows-x86_64, r-patched-linux-x86_64, r-release-linux-x86_64, r-release-macos-arm64, r-release-macos-x86_64, r-release-windows-x86_64