CRAN Package Check Results for Package rminqa

Last updated on 2023-01-28 17:51:21 CET.

Flavor Version Tinstall Tcheck Ttotal Status Flags
r-devel-linux-x86_64-debian-clang 0.2.2 22.61 25.76 48.37 OK
r-devel-linux-x86_64-debian-gcc 0.2.2 17.28 20.74 38.02 NOTE
r-devel-linux-x86_64-fedora-clang 0.2.2 68.39 NOTE
r-devel-linux-x86_64-fedora-gcc 0.2.2 62.32 NOTE
r-patched-linux-x86_64 0.2.2 16.61 26.16 42.77 OK
r-release-linux-x86_64 0.2.2 16.81 27.15 43.96 OK
r-release-macos-arm64 0.2.2 26.00 OK
r-release-macos-x86_64 0.2.2 31.00 OK
r-release-windows-x86_64 0.2.2 22.00 77.00 99.00 OK
r-oldrel-macos-arm64 0.2.2 25.00 OK
r-oldrel-macos-x86_64 0.2.2 40.00 OK
r-oldrel-windows-ix86+x86_64 0.2.2 53.00 80.00 133.00 OK

Check Details

Version: 0.2.2
Check: C++ specification
Result: NOTE
     Specified C++11: please update to current default of C++17
Flavors: r-devel-linux-x86_64-debian-gcc, r-devel-linux-x86_64-fedora-clang, r-devel-linux-x86_64-fedora-gcc