CRAN Package Check Results for Package rmsfuns

Last updated on 2024-05-27 02:48:15 CEST.

Flavor Version Tinstall Tcheck Ttotal Status Flags
r-devel-linux-x86_64-debian-clang 1.0.0.1 7.14 50.68 57.82 NOTE
r-devel-linux-x86_64-debian-gcc 1.0.0.1 4.92 38.15 43.07 NOTE
r-devel-linux-x86_64-fedora-clang 1.0.0.1 73.20 NOTE
r-devel-linux-x86_64-fedora-gcc 1.0.0.1 78.90 NOTE
r-devel-windows-x86_64 1.0.0.1 7.00 64.00 71.00 NOTE
r-patched-linux-x86_64 1.0.0.1 5.95 47.08 53.03 NOTE
r-release-linux-x86_64 1.0.0.1 3.57 48.95 52.52 NOTE
r-release-macos-arm64 1.0.0.1 31.00 NOTE
r-release-windows-x86_64 1.0.0.1 7.00 57.00 64.00 NOTE
r-oldrel-macos-arm64 1.0.0.1 30.00 NOTE
r-oldrel-macos-x86_64 1.0.0.1 46.00 NOTE
r-oldrel-windows-x86_64 1.0.0.1 7.00 65.00 72.00 NOTE

Check Details

Version: 1.0.0.1
Check: LazyData
Result: NOTE 'LazyData' is specified without a 'data' directory Flavors: r-devel-linux-x86_64-debian-clang, r-devel-linux-x86_64-debian-gcc, r-devel-linux-x86_64-fedora-clang, r-devel-linux-x86_64-fedora-gcc, r-devel-windows-x86_64, r-patched-linux-x86_64, r-release-linux-x86_64, r-release-macos-arm64, r-release-windows-x86_64, r-oldrel-macos-arm64, r-oldrel-macos-x86_64, r-oldrel-windows-x86_64