CRAN Package Check Results for Package rnaturalearth

Last updated on 2022-09-30 17:50:39 CEST.

Flavor Version Tinstall Tcheck Ttotal Status Flags
r-devel-linux-x86_64-debian-clang 0.1.0 4.96 91.73 96.69 NOTE
r-devel-linux-x86_64-debian-gcc 0.1.0 4.49 68.13 72.62 NOTE
r-devel-linux-x86_64-fedora-clang 0.1.0 129.54 NOTE
r-devel-linux-x86_64-fedora-gcc 0.1.0 121.75 NOTE
r-devel-windows-x86_64 0.1.0 28.00 118.00 146.00 NOTE
r-patched-linux-x86_64 0.1.0 5.71 85.67 91.38 NOTE
r-release-linux-x86_64 0.1.0 3.97 84.98 88.95 NOTE
r-release-macos-arm64 0.1.0 34.00 NOTE
r-release-macos-x86_64 0.1.0 51.00 NOTE
r-release-windows-x86_64 0.1.0 30.00 120.00 150.00 NOTE
r-oldrel-macos-arm64 0.1.0 42.00 NOTE
r-oldrel-macos-x86_64 0.1.0 61.00 NOTE
r-oldrel-windows-ix86+x86_64 0.1.0 16.00 111.00 127.00 NOTE

Check Details

Version: 0.1.0
Check: package dependencies
Result: NOTE
    Package suggested but not available for checking: 'rnaturalearthhires'
Flavors: r-devel-linux-x86_64-debian-clang, r-devel-linux-x86_64-debian-gcc, r-devel-linux-x86_64-fedora-clang, r-devel-linux-x86_64-fedora-gcc, r-devel-windows-x86_64, r-patched-linux-x86_64, r-release-linux-x86_64, r-release-macos-arm64, r-release-macos-x86_64, r-release-windows-x86_64, r-oldrel-macos-arm64, r-oldrel-macos-x86_64, r-oldrel-windows-ix86+x86_64

Version: 0.1.0
Check: data for non-ASCII characters
Result: NOTE
     Note: found 7 marked Latin-1 strings
Flavors: r-devel-linux-x86_64-fedora-clang, r-devel-linux-x86_64-fedora-gcc, r-release-macos-arm64, r-release-macos-x86_64, r-oldrel-macos-arm64, r-oldrel-macos-x86_64