CRAN Package Check Results for Package rnoaa

Last updated on 2022-05-28 02:49:11 CEST.

Flavor Version Tinstall Tcheck Ttotal Status Flags
r-devel-linux-x86_64-debian-clang 1.3.8 14.89 120.93 135.82 OK
r-devel-linux-x86_64-debian-gcc 1.3.8 10.65 90.04 100.69 OK
r-devel-linux-x86_64-fedora-clang 1.3.8 164.65 NOTE
r-devel-linux-x86_64-fedora-gcc 1.3.8 143.16 OK
r-devel-windows-x86_64 1.3.8 75.00 137.00 212.00 OK
r-patched-linux-x86_64 1.3.8 16.58 111.91 128.49 OK
r-release-linux-x86_64 1.3.8 13.98 113.97 127.95 OK
r-release-macos-arm64 1.3.8 42.00 OK
r-release-macos-x86_64 1.3.8 74.00 OK
r-release-windows-x86_64 1.3.8 79.00 142.00 221.00 OK
r-oldrel-macos-arm64 1.3.8 223.00 OK
r-oldrel-macos-x86_64 1.3.8 57.00 OK
r-oldrel-windows-ix86+x86_64 1.3.8 28.00 131.00 159.00 OK

Check Details

Version: 1.3.8
Check: Rd cross-references
Result: NOTE
    Undeclared package ‘rappdirs’ in Rd xrefs
Flavor: r-devel-linux-x86_64-fedora-clang