Last updated on 2023-01-28 17:51:21 CET.
Flavor | Version | Tinstall | Tcheck | Ttotal | Status | Flags |
---|---|---|---|---|---|---|
r-devel-linux-x86_64-debian-clang | 1.1 | 211.76 | 29.83 | 241.59 | OK | |
r-devel-linux-x86_64-debian-gcc | 1.1 | 153.71 | 23.15 | 176.86 | NOTE | |
r-devel-linux-x86_64-fedora-clang | 1.1 | 355.13 | NOTE | |||
r-devel-linux-x86_64-fedora-gcc | 1.1 | 321.96 | NOTE | |||
r-patched-linux-x86_64 | 1.1 | 167.11 | 29.27 | 196.38 | OK | |
r-release-linux-x86_64 | 1.1 | 169.87 | 29.46 | 199.33 | OK | |
r-release-macos-arm64 | 1.1 | 65.00 | NOTE | |||
r-release-macos-x86_64 | 1.1 | 88.00 | NOTE | |||
r-release-windows-x86_64 | 1.1 | 155.00 | 82.00 | 237.00 | OK | |
r-oldrel-macos-arm64 | 1.1 | 58.00 | NOTE | |||
r-oldrel-macos-x86_64 | 1.1 | 102.00 | NOTE | |||
r-oldrel-windows-ix86+x86_64 | 1.1 | 491.00 | 90.00 | 581.00 | OK |
Version: 1.1
Check: C++ specification
Result: NOTE
Specified C++11: please update to current default of C++17
Flavors: r-devel-linux-x86_64-debian-gcc, r-devel-linux-x86_64-fedora-clang, r-devel-linux-x86_64-fedora-gcc
Version: 1.1
Check: installed package size
Result: NOTE
installed size is 7.5Mb
sub-directories of 1Mb or more:
libs 7.3Mb
Flavors: r-release-macos-arm64, r-release-macos-x86_64, r-oldrel-macos-arm64, r-oldrel-macos-x86_64