Last updated on 2022-05-16 12:55:10 CEST.
Flavor | Version | Tinstall | Tcheck | Ttotal | Status | Flags |
---|---|---|---|---|---|---|
r-devel-linux-x86_64-debian-clang | 1.1 | 44.08 | 51.24 | 95.32 | OK | |
r-devel-linux-x86_64-debian-gcc | 1.1 | 38.09 | 39.15 | 77.24 | OK | |
r-devel-linux-x86_64-fedora-clang | 1.1 | 143.77 | OK | |||
r-devel-linux-x86_64-fedora-gcc | 1.1 | 125.37 | OK | |||
r-devel-windows-x86_64 | 1.1 | 46.00 | 91.00 | 137.00 | OK | |
r-patched-linux-x86_64 | 1.1 | 38.74 | 49.78 | 88.52 | OK | |
r-release-linux-x86_64 | 1.1 | 39.78 | 49.66 | 89.44 | OK | |
r-release-macos-arm64 | 1.1 | 36.00 | NOTE | |||
r-release-macos-x86_64 | 1.1 | 47.00 | NOTE | |||
r-release-windows-x86_64 | 1.1 | 54.00 | 93.00 | 147.00 | OK | |
r-oldrel-macos-arm64 | 1.1 | 35.00 | NOTE | |||
r-oldrel-macos-x86_64 | 1.1 | 73.00 | OK | |||
r-oldrel-windows-ix86+x86_64 | 1.1 | 108.00 | 98.00 | 206.00 | OK |
Version: 1.1
Check: installed package size
Result: NOTE
installed size is 5.0Mb
sub-directories of 1Mb or more:
libs 4.7Mb
Flavors: r-release-macos-arm64, r-release-macos-x86_64, r-oldrel-macos-arm64