Last updated on 2022-08-19 23:51:48 CEST.
Flavor | Version | Tinstall | Tcheck | Ttotal | Status | Flags |
---|---|---|---|---|---|---|
r-devel-linux-x86_64-debian-clang | 0.95-0 | 27.28 | 350.98 | 378.26 | NOTE | |
r-devel-linux-x86_64-debian-gcc | 0.95-0 | 21.35 | 255.28 | 276.63 | NOTE | |
r-devel-linux-x86_64-fedora-clang | 0.95-0 | 447.91 | NOTE | |||
r-devel-linux-x86_64-fedora-gcc | 0.95-0 | 477.10 | NOTE | |||
r-devel-windows-x86_64 | 0.95-0 | 260.00 | 477.00 | 737.00 | NOTE | |
r-patched-linux-x86_64 | 0.95-0 | 29.53 | 324.44 | 353.97 | OK | |
r-release-linux-x86_64 | 0.95-0 | OK | ||||
r-release-macos-arm64 | 0.95-0 | 122.00 | OK | |||
r-release-macos-x86_64 | 0.95-0 | 179.00 | OK | |||
r-release-windows-x86_64 | 0.95-0 | 249.00 | 459.00 | 708.00 | OK | |
r-oldrel-macos-arm64 | 0.95-0 | 117.00 | OK | |||
r-oldrel-macos-x86_64 | 0.95-0 | 177.00 | OK | |||
r-oldrel-windows-ix86+x86_64 | 0.95-0 | 58.00 | 620.00 | 678.00 | OK |
Version: 0.95-0
Check: Rd files
Result: NOTE
checkRd: (-1) aircraft.Rd:8: Escaped LaTeX specials: \$
Flavors: r-devel-linux-x86_64-debian-clang, r-devel-linux-x86_64-debian-gcc, r-devel-linux-x86_64-fedora-clang, r-devel-linux-x86_64-fedora-gcc, r-devel-windows-x86_64