CRAN Package Check Results for Package rocTree

Last updated on 2022-01-28 23:00:50 CET.

Flavor Version Tinstall Tcheck Ttotal Status Flags
r-devel-linux-x86_64-debian-clang 1.1.1 152.80 123.72 276.52 OK
r-devel-linux-x86_64-debian-gcc 1.1.1 116.78 92.32 209.10 OK
r-devel-linux-x86_64-fedora-clang 1.1.1 380.44 NOTE
r-devel-linux-x86_64-fedora-gcc 1.1.1 350.52 OK
r-devel-windows-x86_64-new-UL 1.1.1 134.00 158.00 292.00 OK
r-devel-windows-x86_64-new-TK 1.1.1 OK
r-patched-linux-x86_64 1.1.1 131.87 109.38 241.25 OK
r-release-linux-x86_64 1.1.1 100.39 104.44 204.83 OK
r-release-macos-arm64 1.1.1 NOTE
r-release-macos-x86_64 1.1.1 NOTE
r-release-windows-ix86+x86_64 1.1.1 370.00 176.00 546.00 OK
r-oldrel-macos-x86_64 1.1.1 NOTE
r-oldrel-windows-ix86+x86_64 1.1.1 370.00 180.00 550.00 OK

Check Details

Version: 1.1.1
Check: installed package size
Result: NOTE
     installed size is 6.2Mb
     sub-directories of 1Mb or more:
     libs 6.0Mb
Flavors: r-devel-linux-x86_64-fedora-clang, r-release-macos-arm64, r-release-macos-x86_64, r-oldrel-macos-x86_64