CRAN Package Check Results for Package rollbar

Last updated on 2023-01-28 15:50:38 CET.

Flavor Version Tinstall Tcheck Ttotal Status Flags
r-devel-linux-x86_64-debian-clang 0.1.0 2.15 19.68 21.83 NOTE
r-devel-linux-x86_64-debian-gcc 0.1.0 1.63 15.85 17.48 NOTE
r-devel-linux-x86_64-fedora-clang 0.1.0 28.28 NOTE
r-devel-linux-x86_64-fedora-gcc 0.1.0 28.54 NOTE
r-patched-linux-x86_64 0.1.0 2.07 20.37 22.44 NOTE
r-release-linux-x86_64 0.1.0 2.11 20.11 22.22 NOTE
r-release-macos-arm64 0.1.0 14.00 NOTE
r-release-macos-x86_64 0.1.0 20.00 NOTE
r-release-windows-x86_64 0.1.0 13.00 47.00 60.00 NOTE
r-oldrel-macos-arm64 0.1.0 19.00 NOTE
r-oldrel-macos-x86_64 0.1.0 22.00 NOTE
r-oldrel-windows-ix86+x86_64 0.1.0 6.00 48.00 54.00 NOTE

Check Details

Version: 0.1.0
Check: LazyData
Result: NOTE
     'LazyData' is specified without a 'data' directory
Flavors: r-devel-linux-x86_64-debian-clang, r-devel-linux-x86_64-debian-gcc, r-devel-linux-x86_64-fedora-clang, r-devel-linux-x86_64-fedora-gcc, r-patched-linux-x86_64, r-release-linux-x86_64, r-release-macos-arm64, r-release-macos-x86_64, r-release-windows-x86_64, r-oldrel-macos-arm64, r-oldrel-macos-x86_64, r-oldrel-windows-ix86+x86_64