CRAN Package Check Results for Package rolldown

Last updated on 2022-06-27 09:50:24 CEST.

Flavor Version Tinstall Tcheck Ttotal Status Flags
r-devel-linux-x86_64-debian-clang 0.1 2.64 31.66 34.30 NOTE
r-devel-linux-x86_64-debian-gcc 0.1 2.16 25.24 27.40 NOTE
r-devel-linux-x86_64-fedora-clang 0.1 52.16 NOTE
r-devel-linux-x86_64-fedora-gcc 0.1 52.03 NOTE
r-devel-windows-x86_64 0.1 20.00 79.00 99.00 NOTE
r-patched-linux-x86_64 0.1 5.07 30.69 35.76 NOTE
r-release-linux-x86_64 0.1 2.07 31.01 33.08 NOTE
r-release-macos-arm64 0.1 18.00 NOTE
r-release-macos-x86_64 0.1 26.00 NOTE
r-release-windows-x86_64 0.1 39.00 67.00 106.00 NOTE
r-oldrel-macos-arm64 0.1 25.00 NOTE
r-oldrel-macos-x86_64 0.1 33.00 NOTE
r-oldrel-windows-ix86+x86_64 0.1 7.00 51.00 58.00 NOTE

Check Details

Version: 0.1
Check: LazyData
Result: NOTE
     'LazyData' is specified without a 'data' directory
Flavors: r-devel-linux-x86_64-debian-clang, r-devel-linux-x86_64-debian-gcc, r-devel-linux-x86_64-fedora-clang, r-devel-linux-x86_64-fedora-gcc, r-devel-windows-x86_64, r-patched-linux-x86_64, r-release-linux-x86_64, r-release-macos-arm64, r-release-macos-x86_64, r-release-windows-x86_64, r-oldrel-macos-arm64, r-oldrel-macos-x86_64, r-oldrel-windows-ix86+x86_64