CRAN Package Check Results for Package roots

Last updated on 2022-05-16 12:55:10 CEST.

Flavor Version Tinstall Tcheck Ttotal Status Flags
r-devel-linux-x86_64-debian-clang 1.0 8.17 82.69 90.86 NOTE
r-devel-linux-x86_64-debian-gcc 1.0 7.70 63.13 70.83 NOTE
r-devel-linux-x86_64-fedora-clang 1.0 114.28 NOTE
r-devel-linux-x86_64-fedora-gcc 1.0 107.85 NOTE
r-devel-windows-x86_64 1.0 24.00 96.00 120.00 NOTE
r-patched-linux-x86_64 1.0 10.14 78.49 88.63 NOTE
r-release-linux-x86_64 1.0 8.59 78.66 87.25 NOTE
r-release-macos-arm64 1.0 32.00 NOTE
r-release-macos-x86_64 1.0 47.00 NOTE
r-release-windows-x86_64 1.0 17.00 99.00 116.00 NOTE
r-oldrel-macos-arm64 1.0 35.00 NOTE
r-oldrel-macos-x86_64 1.0 54.00 NOTE
r-oldrel-windows-ix86+x86_64 1.0 18.00 90.00 108.00 NOTE

Check Details

Version: 1.0
Check: LazyData
Result: NOTE
     'LazyData' is specified without a 'data' directory
Flavors: r-devel-linux-x86_64-debian-clang, r-devel-linux-x86_64-debian-gcc, r-devel-linux-x86_64-fedora-clang, r-devel-linux-x86_64-fedora-gcc, r-devel-windows-x86_64, r-patched-linux-x86_64, r-release-linux-x86_64, r-release-macos-arm64, r-release-macos-x86_64, r-release-windows-x86_64, r-oldrel-macos-arm64, r-oldrel-macos-x86_64, r-oldrel-windows-ix86+x86_64