CRAN Package Check Results for Package roptim

Last updated on 2022-05-22 21:54:00 CEST.

Flavor Version Tinstall Tcheck Ttotal Status Flags
r-devel-linux-x86_64-debian-clang 0.1.5 37.10 39.20 76.30 NOTE
r-devel-linux-x86_64-debian-gcc 0.1.5 27.56 30.73 58.29 NOTE
r-devel-linux-x86_64-fedora-clang 0.1.5 114.21 NOTE
r-devel-linux-x86_64-fedora-gcc 0.1.5 83.68 NOTE
r-devel-windows-x86_64 0.1.5 37.00 77.00 114.00 NOTE
r-patched-linux-x86_64 0.1.5 26.91 38.74 65.65 NOTE
r-release-linux-x86_64 0.1.5 29.22 38.02 67.24 NOTE
r-release-macos-arm64 0.1.5 28.00 NOTE
r-release-macos-x86_64 0.1.5 39.00 NOTE
r-release-windows-x86_64 0.1.5 33.00 83.00 116.00 NOTE
r-oldrel-macos-arm64 0.1.5 33.00 NOTE
r-oldrel-macos-x86_64 0.1.5 52.00 NOTE
r-oldrel-windows-ix86+x86_64 0.1.5 85.00 75.00 160.00 NOTE

Check Details

Version: 0.1.5
Check: LazyData
Result: NOTE
     'LazyData' is specified without a 'data' directory
Flavors: r-devel-linux-x86_64-debian-clang, r-devel-linux-x86_64-debian-gcc, r-devel-linux-x86_64-fedora-clang, r-devel-linux-x86_64-fedora-gcc, r-devel-windows-x86_64, r-patched-linux-x86_64, r-release-linux-x86_64, r-release-macos-arm64, r-release-macos-x86_64, r-release-windows-x86_64, r-oldrel-macos-arm64, r-oldrel-macos-x86_64, r-oldrel-windows-ix86+x86_64