CRAN Package Check Results for Package roxygen2md

Last updated on 2022-05-23 10:53:16 CEST.

Flavor Version Tinstall Tcheck Ttotal Status Flags
r-devel-linux-x86_64-debian-clang 1.0.0 4.45 44.70 49.15 NOTE
r-devel-linux-x86_64-debian-gcc 1.0.0 3.36 34.43 37.79 NOTE
r-devel-linux-x86_64-fedora-clang 1.0.0 61.48 NOTE
r-devel-linux-x86_64-fedora-gcc 1.0.0 47.80 NOTE
r-devel-windows-x86_64 1.0.0 26.00 63.00 89.00 NOTE
r-patched-linux-x86_64 1.0.0 3.14 43.16 46.30 NOTE
r-release-linux-x86_64 1.0.0 NOTE
r-release-macos-arm64 1.0.0 18.00 NOTE
r-release-macos-x86_64 1.0.0 31.00 NOTE
r-release-windows-x86_64 1.0.0 27.00 61.00 88.00 NOTE
r-oldrel-macos-arm64 1.0.0 25.00 NOTE
r-oldrel-macos-x86_64 1.0.0 35.00 NOTE
r-oldrel-windows-ix86+x86_64 1.0.0 11.00 53.00 64.00 NOTE

Check Details

Version: 1.0.0
Check: LazyData
Result: NOTE
     'LazyData' is specified without a 'data' directory
Flavors: r-devel-linux-x86_64-debian-clang, r-devel-linux-x86_64-debian-gcc, r-devel-linux-x86_64-fedora-clang, r-devel-linux-x86_64-fedora-gcc, r-devel-windows-x86_64, r-patched-linux-x86_64, r-release-linux-x86_64, r-release-macos-arm64, r-release-macos-x86_64, r-release-windows-x86_64, r-oldrel-macos-arm64, r-oldrel-macos-x86_64, r-oldrel-windows-ix86+x86_64

Version: 1.0.0
Check: dependencies in R code
Result: NOTE
    Namespace in Imports field not imported from: ‘withr’
     All declared Imports should be used.
Flavors: r-devel-linux-x86_64-fedora-clang, r-devel-linux-x86_64-fedora-gcc, r-release-macos-arm64, r-release-macos-x86_64, r-oldrel-macos-arm64, r-oldrel-macos-x86_64