CRAN Package Check Results for Package roxytest

Last updated on 2022-05-23 05:52:51 CEST.

Flavor Version Tinstall Tcheck Ttotal Status Flags
r-devel-linux-x86_64-debian-clang 0.0.1 3.28 47.25 50.53 OK
r-devel-linux-x86_64-debian-gcc 0.0.1 3.10 36.55 39.65 OK
r-devel-linux-x86_64-fedora-clang 0.0.1 64.63 OK
r-devel-linux-x86_64-fedora-gcc 0.0.1 50.04 OK
r-devel-windows-x86_64 0.0.1 26.00 69.00 95.00 OK
r-patched-linux-x86_64 0.0.1 3.83 46.46 50.29 OK
r-release-linux-x86_64 0.0.1 OK
r-release-macos-arm64 0.0.1 19.00 OK
r-release-macos-x86_64 0.0.1 30.00 OK
r-release-windows-x86_64 0.0.1 23.00 70.00 93.00 OK
r-oldrel-macos-arm64 0.0.1 25.00 OK
r-oldrel-macos-x86_64 0.0.1 39.00 OK
r-oldrel-windows-ix86+x86_64 0.0.1 11.00 55.00 66.00 ERROR

Check Details

Version: 0.0.1
Check: examples
Result: ERROR
    Running examples in 'roxytest-Ex.R' failed
    The error most likely occurred in:
    
    > ### Name: tinytest_roclet
    > ### Title: Roclet: make tinytest test-files.
    > ### Aliases: tinytest_roclet
    >
    > ### ** Examples
    >
    > x <- "#' @tests\n#' expect_equal(2, 2)\nNULL\n"
    > cat(x)
    #' @tests
    #' expect_equal(2, 2)
    NULL
    > o <- roxygen2::roc_proc_text(tinytest_roclet(), x)
    > cat(o$tests[[1]])
    # Generated by roxytest: Do not edit by hand!
    
    # <text>
    
    ## [unknown alias] @ L3
    expect_equal(2, 2)
    >
    >
    >
    >
    > ### * <FOOTER>
    > ###
    > cleanEx()
    > options(digits = 7L)
    > base::cat("Time elapsed: ", proc.time() - base::get("ptime", pos = 'CheckExEnv'),"\n")
    Time elapsed: 1.08 0.05 1.14 NA NA
    > grDevices::dev.off()
    null device
     1
    > ###
    > ### Local variables: ***
    > ### mode: outline-minor ***
    > ### outline-regexp: "\\(> \\)?### [*]+" ***
    > ### End: ***
    > quit('no')
Flavor: r-oldrel-windows-ix86+x86_64