Last updated on 2022-05-19 03:56:07 CEST.
Flavor | Version | Tinstall | Tcheck | Ttotal | Status | Flags |
---|---|---|---|---|---|---|
r-devel-linux-x86_64-debian-clang | 1.0.11 | 167.22 | 100.01 | 267.23 | OK | |
r-devel-linux-x86_64-debian-gcc | 1.0.11 | 119.27 | 75.32 | 194.59 | OK | |
r-devel-linux-x86_64-fedora-clang | 1.0.11 | 393.75 | NOTE | |||
r-devel-linux-x86_64-fedora-gcc | 1.0.11 | 322.69 | OK | |||
r-devel-windows-x86_64 | 1.0.11 | 126.00 | 150.00 | 276.00 | OK | |
r-patched-linux-x86_64 | 1.0.11 | 121.95 | 93.80 | 215.75 | OK | |
r-release-linux-x86_64 | 1.0.11 | 140.65 | 93.99 | 234.64 | OK | |
r-release-macos-arm64 | 1.0.11 | 94.00 | NOTE | |||
r-release-macos-x86_64 | 1.0.11 | 116.00 | NOTE | |||
r-release-windows-x86_64 | 1.0.11 | 140.00 | 152.00 | 292.00 | OK | |
r-oldrel-macos-arm64 | 1.0.11 | 95.00 | NOTE | |||
r-oldrel-macos-x86_64 | 1.0.11 | 133.00 | NOTE | |||
r-oldrel-windows-ix86+x86_64 | 1.0.11 | 326.00 | 159.00 | 485.00 | OK |
Version: 1.0.11
Check: installed package size
Result: NOTE
installed size is 19.7Mb
sub-directories of 1Mb or more:
libs 18.7Mb
Flavors: r-devel-linux-x86_64-fedora-clang, r-release-macos-arm64, r-release-macos-x86_64, r-oldrel-macos-arm64, r-oldrel-macos-x86_64