CRAN Package Check Results for Package rr2

Last updated on 2022-05-27 20:53:03 CEST.

Flavor Version Tinstall Tcheck Ttotal Status Flags
r-devel-linux-x86_64-debian-clang 1.0.2 8.83 115.63 124.46 NOTE
r-devel-linux-x86_64-debian-gcc 1.0.2 9.35 87.32 96.67 NOTE
r-devel-linux-x86_64-fedora-clang 1.0.2 154.53 NOTE
r-devel-linux-x86_64-fedora-gcc 1.0.2 135.42 NOTE
r-devel-windows-x86_64 1.0.2 19.00 127.00 146.00 NOTE
r-patched-linux-x86_64 1.0.2 10.25 105.90 116.15 NOTE
r-release-linux-x86_64 1.0.2 11.96 107.10 119.06 NOTE
r-release-macos-arm64 1.0.2 42.00 NOTE
r-release-macos-x86_64 1.0.2 78.00 NOTE
r-release-windows-x86_64 1.0.2 18.00 127.00 145.00 NOTE
r-oldrel-macos-arm64 1.0.2 47.00 NOTE
r-oldrel-macos-x86_64 1.0.2 71.00 NOTE
r-oldrel-windows-ix86+x86_64 1.0.2 23.00 120.00 143.00 NOTE

Check Details

Version: 1.0.2
Check: LazyData
Result: NOTE
     'LazyData' is specified without a 'data' directory
Flavors: r-devel-linux-x86_64-debian-clang, r-devel-linux-x86_64-debian-gcc, r-devel-linux-x86_64-fedora-clang, r-devel-linux-x86_64-fedora-gcc, r-devel-windows-x86_64, r-patched-linux-x86_64, r-release-linux-x86_64, r-release-macos-arm64, r-release-macos-x86_64, r-release-windows-x86_64, r-oldrel-macos-arm64, r-oldrel-macos-x86_64, r-oldrel-windows-ix86+x86_64