CRAN Package Check Results for Package rrscale

Last updated on 2022-05-27 19:54:05 CEST.

Flavor Version Tinstall Tcheck Ttotal Status Flags
r-devel-linux-x86_64-debian-clang 1.0 3.18 53.28 56.46 NOTE
r-devel-linux-x86_64-debian-gcc 1.0 2.15 40.34 42.49 NOTE
r-devel-linux-x86_64-fedora-clang 1.0 68.81 NOTE
r-devel-linux-x86_64-fedora-gcc 1.0 67.93 NOTE
r-devel-windows-x86_64 1.0 15.00 74.00 89.00 NOTE
r-patched-linux-x86_64 1.0 3.21 52.42 55.63 NOTE
r-release-linux-x86_64 1.0 2.37 51.65 54.02 NOTE
r-release-macos-arm64 1.0 23.00 NOTE
r-release-macos-x86_64 1.0 35.00 NOTE
r-release-windows-x86_64 1.0 12.00 77.00 89.00 NOTE
r-oldrel-macos-arm64 1.0 28.00 NOTE
r-oldrel-macos-x86_64 1.0 43.00 NOTE
r-oldrel-windows-ix86+x86_64 1.0 7.00 64.00 71.00 NOTE

Check Details

Version: 1.0
Check: LazyData
Result: NOTE
     'LazyData' is specified without a 'data' directory
Flavors: r-devel-linux-x86_64-debian-clang, r-devel-linux-x86_64-debian-gcc, r-devel-linux-x86_64-fedora-clang, r-devel-linux-x86_64-fedora-gcc, r-devel-windows-x86_64, r-patched-linux-x86_64, r-release-linux-x86_64, r-release-macos-arm64, r-release-macos-x86_64, r-release-windows-x86_64, r-oldrel-macos-arm64, r-oldrel-macos-x86_64, r-oldrel-windows-ix86+x86_64

Version: 1.0
Check: dependencies in R code
Result: NOTE
    Namespace in Imports field not imported from: ‘abind’
     All declared Imports should be used.
Flavors: r-devel-linux-x86_64-fedora-clang, r-devel-linux-x86_64-fedora-gcc, r-release-macos-arm64, r-release-macos-x86_64, r-oldrel-macos-arm64, r-oldrel-macos-x86_64