CRAN Package Check Results for Package rsconnect

Last updated on 2022-05-28 20:49:25 CEST.

Flavor Version Tinstall Tcheck Ttotal Status Flags
r-devel-linux-x86_64-debian-clang 0.8.25 9.36 64.48 73.84 OK
r-devel-linux-x86_64-debian-gcc 0.8.25 6.81 48.37 55.18 OK
r-devel-linux-x86_64-fedora-clang 0.8.25 83.93 NOTE
r-devel-linux-x86_64-fedora-gcc 0.8.25 83.30 OK
r-devel-windows-x86_64 0.8.25 100.00 92.00 192.00 OK
r-patched-linux-x86_64 0.8.25 9.12 60.79 69.91 OK
r-release-linux-x86_64 0.8.25 9.45 61.38 70.83 OK
r-release-macos-arm64 0.8.25 29.00 OK
r-release-macos-x86_64 0.8.25 37.00 OK
r-release-windows-x86_64 0.8.25 114.00 84.00 198.00 OK
r-oldrel-macos-arm64 0.8.25 44.00 OK
r-oldrel-macos-x86_64 0.8.25 35.00 OK
r-oldrel-windows-ix86+x86_64 0.8.25 14.00 71.00 85.00 OK

Check Details

Version: 0.8.25
Check: Rd cross-references
Result: NOTE
    Undeclared packages ‘keras’, ‘tensorflow’, ‘devtools’ in Rd xrefs
Flavor: r-devel-linux-x86_64-fedora-clang