CRAN Package Check Results for Package rscorecard

Last updated on 2022-05-21 23:51:08 CEST.

Flavor Version Tinstall Tcheck Ttotal Status Flags
r-devel-linux-x86_64-debian-clang 0.22.0 2.31 42.65 44.96 OK
r-devel-linux-x86_64-debian-gcc 0.22.0 2.59 32.84 35.43 OK
r-devel-linux-x86_64-fedora-clang 0.22.0 58.07 NOTE
r-devel-linux-x86_64-fedora-gcc 0.22.0 54.19 NOTE
r-devel-windows-x86_64 0.22.0 19.00 58.00 77.00 OK
r-patched-linux-x86_64 0.22.0 3.04 41.43 44.47 OK
r-release-linux-x86_64 0.22.0 2.26 40.59 42.85 OK
r-release-macos-arm64 0.22.0 19.00 NOTE
r-release-macos-x86_64 0.22.0 31.00 NOTE
r-release-windows-x86_64 0.22.0 23.00 59.00 82.00 OK
r-oldrel-macos-arm64 0.22.0 19.00 NOTE
r-oldrel-macos-x86_64 0.22.0 26.00 NOTE
r-oldrel-windows-ix86+x86_64 0.22.0 8.00 54.00 62.00 OK

Check Details

Version: 0.22.0
Check: dependencies in R code
Result: NOTE
    Namespace in Imports field not imported from: ‘tidyselect’
     All declared Imports should be used.
Flavors: r-devel-linux-x86_64-fedora-clang, r-devel-linux-x86_64-fedora-gcc, r-release-macos-arm64, r-release-macos-x86_64, r-oldrel-macos-arm64, r-oldrel-macos-x86_64