Last updated on 2022-05-17 11:49:50 CEST.
Flavor | Version | Tinstall | Tcheck | Ttotal | Status | Flags |
---|---|---|---|---|---|---|
r-devel-linux-x86_64-debian-clang | 1.0.4 | 5.49 | 79.15 | 84.64 | NOTE | |
r-devel-linux-x86_64-debian-gcc | 1.0.4 | 4.34 | 57.69 | 62.03 | NOTE | |
r-devel-linux-x86_64-fedora-clang | 1.0.4 | 102.71 | NOTE | |||
r-devel-linux-x86_64-fedora-gcc | 1.0.4 | 93.63 | NOTE | |||
r-devel-windows-x86_64 | 1.0.4 | 20.00 | 118.00 | 138.00 | NOTE | |
r-patched-linux-x86_64 | 1.0.4 | 4.94 | 72.72 | 77.66 | NOTE | |
r-release-linux-x86_64 | 1.0.4 | 4.03 | 73.08 | 77.11 | NOTE | |
r-release-macos-arm64 | 1.0.4 | 39.00 | NOTE | |||
r-release-macos-x86_64 | 1.0.4 | 67.00 | NOTE | |||
r-release-windows-x86_64 | 1.0.4 | 20.00 | 119.00 | 139.00 | NOTE | |
r-oldrel-macos-arm64 | 1.0.4 | 54.00 | NOTE | |||
r-oldrel-macos-x86_64 | 1.0.4 | 57.00 | NOTE | |||
r-oldrel-windows-ix86+x86_64 | 1.0.4 | 15.00 | 113.00 | 128.00 | NOTE |
Version: 1.0.4
Check: LazyData
Result: NOTE
'LazyData' is specified without a 'data' directory
Flavors: r-devel-linux-x86_64-debian-clang, r-devel-linux-x86_64-debian-gcc, r-devel-linux-x86_64-fedora-clang, r-devel-linux-x86_64-fedora-gcc, r-devel-windows-x86_64, r-patched-linux-x86_64, r-release-linux-x86_64, r-release-macos-arm64, r-release-macos-x86_64, r-release-windows-x86_64, r-oldrel-macos-arm64, r-oldrel-macos-x86_64, r-oldrel-windows-ix86+x86_64