CRAN Package Check Results for Package rstan

Last updated on 2022-01-27 16:50:11 CET.

Flavor Version Tinstall Tcheck Ttotal Status Flags
r-devel-linux-x86_64-debian-clang 2.21.3 730.25 366.89 1097.14 NOTE
r-devel-linux-x86_64-debian-gcc 2.21.3 718.95 294.98 1013.93 NOTE
r-devel-linux-x86_64-fedora-clang 2.21.3 1570.75 NOTE
r-devel-linux-x86_64-fedora-gcc 2.21.3 1832.97 NOTE
r-devel-windows-x86_64-new-UL 2.21.3 1024.00 553.00 1577.00 NOTE
r-devel-windows-x86_64-new-TK 2.21.3 NOTE
r-patched-linux-x86_64 2.21.3 844.99 460.06 1305.05 NOTE
r-release-linux-x86_64 2.21.3 851.80 458.29 1310.09 NOTE
r-release-macos-arm64 2.21.3 NOTE
r-release-macos-x86_64 2.21.3 NOTE
r-release-windows-ix86+x86_64 2.21.3 1865.00 570.00 2435.00 NOTE
r-oldrel-macos-x86_64 2.21.3 NOTE
r-oldrel-windows-ix86+x86_64 2.21.3 1875.00 583.00 2458.00 NOTE

Check Details

Version: 2.21.3
Check: for GNU extensions in Makefiles
Result: NOTE
    GNU make is a SystemRequirements.
Flavors: r-devel-linux-x86_64-debian-clang, r-devel-linux-x86_64-debian-gcc, r-devel-linux-x86_64-fedora-clang, r-devel-linux-x86_64-fedora-gcc, r-devel-windows-x86_64-new-UL, r-devel-windows-x86_64-new-TK, r-patched-linux-x86_64, r-release-linux-x86_64, r-release-macos-arm64, r-release-macos-x86_64, r-release-windows-ix86+x86_64, r-oldrel-macos-x86_64, r-oldrel-windows-ix86+x86_64

Version: 2.21.3
Check: installed package size
Result: NOTE
     installed size is 193.9Mb
     sub-directories of 1Mb or more:
     lib 27.7Mb
     libs 163.4Mb
Flavors: r-devel-linux-x86_64-fedora-clang, r-devel-windows-x86_64-new-UL, r-release-macos-arm64, r-release-macos-x86_64, r-release-windows-ix86+x86_64, r-oldrel-macos-x86_64, r-oldrel-windows-ix86+x86_64

Version: 2.21.3
Check: Rd cross-references
Result: NOTE
    Undeclared packages ‘coda’, ‘rstanarm’ in Rd xrefs
Flavor: r-devel-linux-x86_64-fedora-clang

Version: 2.21.3
Check: Rd cross-references
Result: NOTE
    Package unavailable to check Rd xrefs: 'rstanarm'
Flavor: r-devel-windows-x86_64-new-TK