Last updated on 2022-05-16 19:50:14 CEST.
Flavor | Version | Tinstall | Tcheck | Ttotal | Status | Flags |
---|---|---|---|---|---|---|
r-devel-linux-x86_64-debian-clang | 1.7.2 | 7.25 | 92.35 | 99.60 | OK | |
r-devel-linux-x86_64-debian-gcc | 1.7.2 | 4.58 | 68.69 | 73.27 | OK | |
r-devel-linux-x86_64-fedora-clang | 1.7.2 | 116.71 | NOTE | |||
r-devel-linux-x86_64-fedora-gcc | 1.7.2 | 108.14 | NOTE | |||
r-devel-windows-x86_64 | 1.7.2 | 30.00 | 113.00 | 143.00 | OK | |
r-patched-linux-x86_64 | 1.7.2 | 6.09 | 85.37 | 91.46 | OK | |
r-release-linux-x86_64 | 1.7.2 | 4.22 | 86.99 | 91.21 | OK | |
r-release-macos-arm64 | 1.7.2 | 36.00 | NOTE | |||
r-release-macos-x86_64 | 1.7.2 | 62.00 | NOTE | |||
r-release-windows-x86_64 | 1.7.2 | 29.00 | 116.00 | 145.00 | OK | |
r-oldrel-macos-arm64 | 1.7.2 | 47.00 | NOTE | |||
r-oldrel-macos-x86_64 | 1.7.2 | 77.00 | NOTE | |||
r-oldrel-windows-ix86+x86_64 | 1.7.2 | 18.00 | 116.00 | 134.00 | OK |
Version: 1.7.2
Check: dependencies in R code
Result: NOTE
Namespaces in Imports field not imported from:
‘stringr’ ‘tidyverse’
All declared Imports should be used.
Flavors: r-devel-linux-x86_64-fedora-clang, r-devel-linux-x86_64-fedora-gcc, r-release-macos-arm64, r-release-macos-x86_64, r-oldrel-macos-arm64, r-oldrel-macos-x86_64