CRAN Package Check Results for Package rtiddlywiki

Last updated on 2024-03-01 06:52:54 CET.

Flavor Version Tinstall Tcheck Ttotal Status Flags
r-devel-linux-x86_64-debian-clang 0.1.0 2.48 28.47 30.95 NOTE
r-devel-linux-x86_64-debian-gcc 0.1.0 2.06 21.99 24.05 NOTE
r-devel-linux-x86_64-fedora-clang 0.1.0 39.03 NOTE
r-devel-linux-x86_64-fedora-gcc 0.1.0 49.35 NOTE
r-devel-windows-x86_64 0.1.0 3.00 46.00 49.00 OK
r-patched-linux-x86_64 0.1.0 2.84 27.87 30.71 OK
r-release-linux-x86_64 0.1.0 2.19 27.76 29.95 OK
r-release-macos-arm64 0.1.0 22.00 OK
r-release-macos-x86_64 0.1.0 35.00 OK
r-release-windows-x86_64 0.1.0 5.00 46.00 51.00 OK
r-oldrel-macos-arm64 0.1.0 20.00 OK
r-oldrel-windows-x86_64 0.1.0 4.00 50.00 54.00 OK

Check Details

Version: 0.1.0
Check: Rd files
Result: NOTE checkRd: (-1) tw_options.Rd:22: Lost braces in \itemize; meant \describe ? Flavors: r-devel-linux-x86_64-debian-clang, r-devel-linux-x86_64-debian-gcc, r-devel-linux-x86_64-fedora-clang, r-devel-linux-x86_64-fedora-gcc