CRAN Package Check Results for Package rtry

Last updated on 2024-05-28 01:53:17 CEST.

Flavor Version Tinstall Tcheck Ttotal Status Flags
r-devel-linux-x86_64-debian-clang 1.1.0 4.53 43.43 47.96 OK
r-devel-linux-x86_64-debian-gcc 1.1.0 2.53 32.98 35.51 OK
r-devel-linux-x86_64-fedora-clang 1.1.0 58.61 NOTE
r-devel-linux-x86_64-fedora-gcc 1.1.0 69.00 NOTE
r-devel-windows-x86_64 1.1.0 4.00 58.00 62.00 OK
r-patched-linux-x86_64 1.1.0 4.68 40.58 45.26 OK
r-release-linux-x86_64 1.1.0 2.31 41.76 44.07 OK
r-release-macos-arm64 1.1.0 31.00 OK
r-release-windows-x86_64 1.1.0 5.00 58.00 63.00 OK
r-oldrel-macos-arm64 1.1.0 29.00 OK
r-oldrel-macos-x86_64 1.1.0 53.00 OK
r-oldrel-windows-x86_64 1.1.0 5.00 63.00 68.00 OK

Check Details

Version: 1.1.0
Check: dependencies in R code
Result: NOTE Namespace in Imports field not imported from: ‘curl’ All declared Imports should be used. Flavors: r-devel-linux-x86_64-fedora-clang, r-devel-linux-x86_64-fedora-gcc

Version: 1.1.0
Check: data for non-ASCII characters
Result: NOTE Note: found 2023 marked Latin-1 strings Note: found 17 marked UTF-8 strings Flavors: r-devel-linux-x86_64-fedora-clang, r-devel-linux-x86_64-fedora-gcc