Last updated on 2023-05-30 16:00:44 CEST.
Flavor | Version | Tinstall | Tcheck | Ttotal | Status | Flags |
---|---|---|---|---|---|---|
r-devel-linux-x86_64-debian-clang | 0.1.3 | 2.67 | 29.80 | 32.47 | OK | |
r-devel-linux-x86_64-debian-gcc | 0.1.3 | 2.41 | 23.80 | 26.21 | OK | |
r-devel-linux-x86_64-fedora-clang | 0.1.3 | 45.12 | NOTE | |||
r-devel-linux-x86_64-fedora-gcc | 0.1.3 | 39.62 | OK | |||
r-devel-windows-x86_64 | 0.1.3 | 5.00 | 48.00 | 53.00 | OK | |
r-patched-linux-x86_64 | 0.1.3 | 3.43 | 28.96 | 32.39 | OK | |
r-release-linux-x86_64 | 0.1.3 | 3.09 | 28.98 | 32.07 | OK | |
r-release-macos-arm64 | 0.1.3 | 25.00 | OK | |||
r-release-macos-x86_64 | 0.1.3 | 25.00 | OK | |||
r-release-windows-x86_64 | 0.1.3 | 5.00 | 50.00 | 55.00 | OK | |
r-oldrel-macos-arm64 | 0.1.3 | 18.00 | OK | |||
r-oldrel-macos-x86_64 | 0.1.3 | 24.00 | OK | |||
r-oldrel-windows-x86_64 | 0.1.3 | 5.00 | 49.00 | 54.00 | OK |
Version: 0.1.3
Check: package dependencies
Result: NOTE
Package suggested but not available for checking: ‘RQuantLib’
Flavor: r-devel-linux-x86_64-fedora-clang