CRAN Package Check Results for Package ruler

Last updated on 2022-05-25 14:53:03 CEST.

Flavor Version Tinstall Tcheck Ttotal Status Flags
r-devel-linux-x86_64-debian-clang 0.2.4 5.34 84.26 89.60 NOTE
r-devel-linux-x86_64-debian-gcc 0.2.4 4.70 62.77 67.47 NOTE
r-devel-linux-x86_64-fedora-clang 0.2.4 111.92 NOTE
r-devel-linux-x86_64-fedora-gcc 0.2.4 92.05 NOTE
r-devel-windows-x86_64 0.2.4 28.00 109.00 137.00 NOTE
r-patched-linux-x86_64 0.2.4 12.30 77.47 89.77 NOTE
r-release-linux-x86_64 0.2.4 NOTE
r-release-macos-arm64 0.2.4 32.00 NOTE
r-release-macos-x86_64 0.2.4 57.00 NOTE
r-release-windows-x86_64 0.2.4 25.00 108.00 133.00 NOTE
r-oldrel-macos-arm64 0.2.4 33.00 NOTE
r-oldrel-macos-x86_64 0.2.4 54.00 NOTE
r-oldrel-windows-ix86+x86_64 0.2.4 14.00 97.00 111.00 NOTE

Check Details

Version: 0.2.4
Check: LazyData
Result: NOTE
     'LazyData' is specified without a 'data' directory
Flavors: r-devel-linux-x86_64-debian-clang, r-devel-linux-x86_64-debian-gcc, r-devel-linux-x86_64-fedora-clang, r-devel-linux-x86_64-fedora-gcc, r-devel-windows-x86_64, r-patched-linux-x86_64, r-release-linux-x86_64, r-release-macos-arm64, r-release-macos-x86_64, r-release-windows-x86_64, r-oldrel-macos-arm64, r-oldrel-macos-x86_64, r-oldrel-windows-ix86+x86_64