Last updated on 2022-05-24 04:50:57 CEST.
Flavor | Version | Tinstall | Tcheck | Ttotal | Status | Flags |
---|---|---|---|---|---|---|
r-devel-linux-x86_64-debian-clang | 1.1.0 | 2.46 | 43.04 | 45.50 | NOTE | |
r-devel-linux-x86_64-debian-gcc | 1.1.0 | 2.46 | 33.73 | 36.19 | NOTE | |
r-devel-linux-x86_64-fedora-clang | 1.1.0 | 57.65 | NOTE | |||
r-devel-linux-x86_64-fedora-gcc | 1.1.0 | 44.74 | NOTE | |||
r-devel-windows-x86_64 | 1.1.0 | 317.00 | 64.00 | 381.00 | NOTE | |
r-patched-linux-x86_64 | 1.1.0 | 2.84 | 42.15 | 44.99 | NOTE | |
r-release-linux-x86_64 | 1.1.0 | NOTE | ||||
r-release-macos-arm64 | 1.1.0 | 24.00 | NOTE | |||
r-release-macos-x86_64 | 1.1.0 | 36.00 | NOTE | |||
r-release-windows-x86_64 | 1.1.0 | 164.00 | 67.00 | 231.00 | NOTE | |
r-oldrel-macos-arm64 | 1.1.0 | 21.00 | NOTE | |||
r-oldrel-macos-x86_64 | 1.1.0 | 35.00 | NOTE | |||
r-oldrel-windows-ix86+x86_64 | 1.1.0 | 7.00 | 56.00 | 63.00 | NOTE |
Version: 1.1.0
Check: LazyData
Result: NOTE
'LazyData' is specified without a 'data' directory
Flavors: r-devel-linux-x86_64-debian-clang, r-devel-linux-x86_64-debian-gcc, r-devel-linux-x86_64-fedora-clang, r-devel-linux-x86_64-fedora-gcc, r-devel-windows-x86_64, r-patched-linux-x86_64, r-release-linux-x86_64, r-release-macos-arm64, r-release-macos-x86_64, r-release-windows-x86_64, r-oldrel-macos-arm64, r-oldrel-macos-x86_64, r-oldrel-windows-ix86+x86_64
Version: 1.1.0
Check: installed package size
Result: NOTE
installed size is 5.3Mb
sub-directories of 1Mb or more:
doc 4.7Mb
Flavors: r-devel-linux-x86_64-fedora-clang, r-devel-windows-x86_64, r-release-macos-arm64, r-release-macos-x86_64, r-release-windows-x86_64, r-oldrel-macos-arm64, r-oldrel-macos-x86_64, r-oldrel-windows-ix86+x86_64