CRAN Package Check Results for Package rwunderground

Last updated on 2022-05-28 16:49:20 CEST.

Flavor Version Tinstall Tcheck Ttotal Status Flags
r-devel-linux-x86_64-debian-clang 0.1.8 3.29 40.73 44.02 NOTE
r-devel-linux-x86_64-debian-gcc 0.1.8 3.06 31.48 34.54 NOTE
r-devel-linux-x86_64-fedora-clang 0.1.8 56.91 NOTE
r-devel-linux-x86_64-fedora-gcc 0.1.8 42.74 NOTE
r-devel-windows-x86_64 0.1.8 51.00 64.00 115.00 NOTE
r-patched-linux-x86_64 0.1.8 3.14 39.55 42.69 NOTE
r-release-linux-x86_64 0.1.8 3.77 39.08 42.85 NOTE
r-release-macos-arm64 0.1.8 19.00 NOTE
r-release-macos-x86_64 0.1.8 33.00 NOTE
r-release-windows-x86_64 0.1.8 49.00 66.00 115.00 NOTE
r-oldrel-macos-arm64 0.1.8 23.00 NOTE
r-oldrel-macos-x86_64 0.1.8 27.00 NOTE
r-oldrel-windows-ix86+x86_64 0.1.8 8.00 50.00 58.00 NOTE

Check Details

Version: 0.1.8
Check: LazyData
Result: NOTE
     'LazyData' is specified without a 'data' directory
Flavors: r-devel-linux-x86_64-debian-clang, r-devel-linux-x86_64-debian-gcc, r-devel-linux-x86_64-fedora-clang, r-devel-linux-x86_64-fedora-gcc, r-devel-windows-x86_64, r-patched-linux-x86_64, r-release-linux-x86_64, r-release-macos-arm64, r-release-macos-x86_64, r-release-windows-x86_64, r-oldrel-macos-arm64, r-oldrel-macos-x86_64, r-oldrel-windows-ix86+x86_64