CRAN Package Check Results for Package rxode2ll

Last updated on 2024-03-01 08:53:10 CET.

Flavor Version Tinstall Tcheck Ttotal Status Flags
r-devel-linux-x86_64-debian-clang 2.0.11 554.96 32.26 587.22 OK
r-devel-linux-x86_64-debian-gcc 2.0.11 542.13 26.09 568.22 OK
r-devel-linux-x86_64-fedora-clang 2.0.11 907.51 OK
r-devel-linux-x86_64-fedora-gcc 2.0.11 1045.23 OK
r-devel-windows-x86_64 2.0.11 556.00 99.00 655.00 OK
r-patched-linux-x86_64 2.0.11 605.87 33.33 639.20 OK
r-release-linux-x86_64 2.0.11 633.54 33.41 666.95 OK
r-release-macos-arm64 2.0.11 194.00 NOTE
r-release-macos-x86_64 2.0.11 328.00 NOTE
r-release-windows-x86_64 2.0.11 706.00 113.00 819.00 OK
r-oldrel-macos-arm64 2.0.11 171.00 NOTE
r-oldrel-windows-x86_64 2.0.11 673.00 100.00 773.00 OK

Check Details

Version: 2.0.11
Check: installed package size
Result: NOTE installed size is 16.8Mb sub-directories of 1Mb or more: libs 16.6Mb Flavors: r-release-macos-arm64, r-release-macos-x86_64, r-oldrel-macos-arm64