CRAN Package Check Results for Package sanic

Last updated on 2022-05-23 06:49:58 CEST.

Flavor Version Tinstall Tcheck Ttotal Status Flags
r-devel-linux-x86_64-debian-clang 0.0.1 118.02 74.59 192.61 OK
r-devel-linux-x86_64-debian-gcc 0.0.1 96.63 60.92 157.55 OK
r-devel-linux-x86_64-fedora-clang 0.0.1 265.02 NOTE
r-devel-linux-x86_64-fedora-gcc 0.0.1 232.96 OK
r-devel-windows-x86_64 0.0.1 82.00 111.00 193.00 OK
r-patched-linux-x86_64 0.0.1 96.00 77.81 173.81 OK
r-release-linux-x86_64 0.0.1 OK
r-release-macos-arm64 0.0.1 66.00 NOTE
r-release-macos-x86_64 0.0.1 82.00 NOTE
r-release-windows-x86_64 0.0.1 77.00 115.00 192.00 OK
r-oldrel-macos-arm64 0.0.1 74.00 NOTE
r-oldrel-macos-x86_64 0.0.1 125.00 NOTE
r-oldrel-windows-ix86+x86_64 0.0.1 249.00 130.00 379.00 OK

Check Details

Version: 0.0.1
Check: installed package size
Result: NOTE
     installed size is 20.2Mb
     sub-directories of 1Mb or more:
     libs 20.1Mb
Flavors: r-devel-linux-x86_64-fedora-clang, r-release-macos-arm64, r-release-macos-x86_64, r-oldrel-macos-arm64, r-oldrel-macos-x86_64