Last updated on 2022-05-29 13:51:26 CEST.
Flavor | Version | Tinstall | Tcheck | Ttotal | Status | Flags |
---|---|---|---|---|---|---|
r-devel-linux-x86_64-debian-clang | 0.9 | 71.43 | 310.71 | 382.14 | NOTE | |
r-devel-linux-x86_64-debian-gcc | 0.9 | 62.38 | 227.84 | 290.22 | NOTE | |
r-devel-linux-x86_64-fedora-clang | 0.9 | 494.17 | NOTE | |||
r-devel-linux-x86_64-fedora-gcc | 0.9 | 482.79 | NOTE | |||
r-devel-windows-x86_64 | 0.9 | 111.00 | 358.00 | 469.00 | OK | |
r-patched-linux-x86_64 | 0.9 | 76.25 | 308.73 | 384.98 | NOTE | |
r-release-linux-x86_64 | 0.9 | 66.50 | 310.48 | 376.98 | NOTE | |
r-release-macos-arm64 | 0.9 | 122.00 | OK | |||
r-release-macos-x86_64 | 0.9 | 151.00 | NOTE | |||
r-release-windows-x86_64 | 0.9 | 122.00 | 366.00 | 488.00 | OK | |
r-oldrel-macos-arm64 | 0.9 | 126.00 | NOTE | |||
r-oldrel-macos-x86_64 | 0.9 | 151.00 | OK | |||
r-oldrel-windows-ix86+x86_64 | 0.9 | 182.00 | 636.00 | 818.00 | OK |
Version: 0.9
Check: package dependencies
Result: NOTE
Package suggested but not available for checking: 'FitARMA'
Flavors: r-devel-linux-x86_64-debian-clang, r-devel-linux-x86_64-debian-gcc, r-devel-linux-x86_64-fedora-clang, r-devel-linux-x86_64-fedora-gcc, r-patched-linux-x86_64, r-release-linux-x86_64, r-release-macos-x86_64
Version: 0.9
Check: installed package size
Result: NOTE
installed size is 5.2Mb
sub-directories of 1Mb or more:
libs 3.8Mb
Flavor: r-oldrel-macos-arm64