Last updated on 2022-05-25 19:53:07 CEST.
Flavor | Version | Tinstall | Tcheck | Ttotal | Status | Flags |
---|---|---|---|---|---|---|
r-devel-linux-x86_64-debian-clang | 1.1.2 | 58.80 | 140.47 | 199.27 | OK | |
r-devel-linux-x86_64-debian-gcc | 1.1.2 | 46.80 | 105.74 | 152.54 | OK | |
r-devel-linux-x86_64-fedora-clang | 1.1.2 | 260.11 | NOTE | |||
r-devel-linux-x86_64-fedora-gcc | 1.1.2 | 237.29 | OK | |||
r-devel-windows-x86_64 | 1.1.2 | 56.00 | 170.00 | 226.00 | OK | |
r-patched-linux-x86_64 | 1.1.2 | 50.12 | 134.03 | 184.15 | OK | |
r-release-linux-x86_64 | 1.1.2 | OK | ||||
r-release-macos-arm64 | 1.1.2 | 73.00 | NOTE | |||
r-release-macos-x86_64 | 1.1.2 | 87.00 | NOTE | |||
r-release-windows-x86_64 | 1.1.2 | 57.00 | 169.00 | 226.00 | OK | |
r-oldrel-macos-arm64 | 1.1.2 | 49.00 | NOTE | |||
r-oldrel-macos-x86_64 | 1.1.2 | 81.00 | NOTE | |||
r-oldrel-windows-ix86+x86_64 | 1.1.2 | 133.00 | 197.00 | 330.00 | NOTE |
Version: 1.1.2
Check: installed package size
Result: NOTE
installed size is 5.7Mb
sub-directories of 1Mb or more:
data 3.2Mb
libs 2.1Mb
Flavors: r-devel-linux-x86_64-fedora-clang, r-release-macos-arm64, r-release-macos-x86_64, r-oldrel-macos-arm64, r-oldrel-macos-x86_64, r-oldrel-windows-ix86+x86_64