CRAN Package Check Results for Package scUtils

Last updated on 2022-05-17 01:50:59 CEST.

Flavor Version Tinstall Tcheck Ttotal Status Flags
r-devel-linux-x86_64-debian-clang 0.1.0 5.29 74.26 79.55 NOTE
r-devel-linux-x86_64-debian-gcc 0.1.0 4.22 54.25 58.47 NOTE
r-devel-linux-x86_64-fedora-clang 0.1.0 93.17 NOTE
r-devel-linux-x86_64-fedora-gcc 0.1.0 94.11 NOTE
r-devel-windows-x86_64 0.1.0 17.00 88.00 105.00 NOTE
r-patched-linux-x86_64 0.1.0 5.45 68.63 74.08 NOTE
r-release-linux-x86_64 0.1.0 4.03 68.50 72.53 NOTE
r-release-macos-arm64 0.1.0 26.00 NOTE
r-release-macos-x86_64 0.1.0 46.00 NOTE
r-release-windows-x86_64 0.1.0 16.00 89.00 105.00 NOTE
r-oldrel-macos-arm64 0.1.0 32.00 NOTE
r-oldrel-macos-x86_64 0.1.0 45.00 NOTE
r-oldrel-windows-ix86+x86_64 0.1.0 16.00 80.00 96.00 NOTE

Check Details

Version: 0.1.0
Check: LazyData
Result: NOTE
     'LazyData' is specified without a 'data' directory
Flavors: r-devel-linux-x86_64-debian-clang, r-devel-linux-x86_64-debian-gcc, r-devel-linux-x86_64-fedora-clang, r-devel-linux-x86_64-fedora-gcc, r-devel-windows-x86_64, r-patched-linux-x86_64, r-release-linux-x86_64, r-release-macos-arm64, r-release-macos-x86_64, r-release-windows-x86_64, r-oldrel-macos-arm64, r-oldrel-macos-x86_64, r-oldrel-windows-ix86+x86_64