CRAN Package Check Results for Package scaffolder

Last updated on 2022-05-16 21:50:31 CEST.

Flavor Version Tinstall Tcheck Ttotal Status Flags
r-devel-linux-x86_64-debian-clang 0.0.1 8.04 81.03 89.07 NOTE
r-devel-linux-x86_64-debian-gcc 0.0.1 4.81 61.81 66.62 NOTE
r-devel-linux-x86_64-fedora-clang 0.0.1 106.62 NOTE
r-devel-linux-x86_64-fedora-gcc 0.0.1 111.18 NOTE
r-devel-windows-x86_64 0.0.1 25.00 96.00 121.00 NOTE
r-patched-linux-x86_64 0.0.1 8.68 76.71 85.39 NOTE
r-release-linux-x86_64 0.0.1 7.06 77.74 84.80 NOTE
r-release-macos-arm64 0.0.1 31.00 NOTE
r-release-macos-x86_64 0.0.1 45.00 NOTE
r-release-windows-x86_64 0.0.1 18.00 101.00 119.00 NOTE
r-oldrel-macos-arm64 0.0.1 39.00 NOTE
r-oldrel-macos-x86_64 0.0.1 63.00 NOTE
r-oldrel-windows-ix86+x86_64 0.0.1 17.00 101.00 118.00 NOTE

Check Details

Version: 0.0.1
Check: LazyData
Result: NOTE
     'LazyData' is specified without a 'data' directory
Flavors: r-devel-linux-x86_64-debian-clang, r-devel-linux-x86_64-debian-gcc, r-devel-linux-x86_64-fedora-clang, r-devel-linux-x86_64-fedora-gcc, r-devel-windows-x86_64, r-patched-linux-x86_64, r-release-linux-x86_64, r-release-macos-arm64, r-release-macos-x86_64, r-release-windows-x86_64, r-oldrel-macos-arm64, r-oldrel-macos-x86_64, r-oldrel-windows-ix86+x86_64