Last updated on 2022-05-23 06:49:58 CEST.
Flavor | Version | Tinstall | Tcheck | Ttotal | Status | Flags |
---|---|---|---|---|---|---|
r-devel-linux-x86_64-debian-clang | 1.0-1 | 9.53 | 113.49 | 123.02 | OK | |
r-devel-linux-x86_64-debian-gcc | 1.0-1 | 6.24 | 81.98 | 88.22 | OK | |
r-devel-linux-x86_64-fedora-clang | 1.0-1 | 143.65 | NOTE | |||
r-devel-linux-x86_64-fedora-gcc | 1.0-1 | 135.20 | NOTE | |||
r-devel-windows-x86_64 | 1.0-1 | 52.00 | 130.00 | 182.00 | OK | |
r-patched-linux-x86_64 | 1.0-1 | 10.77 | 109.01 | 119.78 | OK | |
r-release-linux-x86_64 | 1.0-1 | OK | ||||
r-release-macos-arm64 | 1.0-1 | 43.00 | NOTE | |||
r-release-macos-x86_64 | 1.0-1 | 64.00 | NOTE | |||
r-release-windows-x86_64 | 1.0-1 | 64.00 | 132.00 | 196.00 | OK | |
r-oldrel-macos-arm64 | 1.0-1 | 52.00 | NOTE | |||
r-oldrel-macos-x86_64 | 1.0-1 | 105.00 | NOTE | |||
r-oldrel-windows-ix86+x86_64 | 1.0-1 | 14.00 | 125.00 | 139.00 | OK |
Version: 1.0-1
Check: dependencies in R code
Result: NOTE
Namespace in Imports field not imported from: ‘pvclust’
All declared Imports should be used.
Flavors: r-devel-linux-x86_64-fedora-clang, r-devel-linux-x86_64-fedora-gcc, r-release-macos-arm64, r-release-macos-x86_64, r-oldrel-macos-arm64, r-oldrel-macos-x86_64