CRAN Package Check Results for Package scales

Last updated on 2022-01-25 13:51:17 CET.

Flavor Version Tinstall Tcheck Ttotal Status Flags
r-devel-linux-x86_64-debian-clang 1.1.1 6.83 71.29 78.12 OK
r-devel-linux-x86_64-debian-gcc 1.1.1 6.13 53.50 59.63 OK
r-devel-linux-x86_64-fedora-clang 1.1.1 94.89 NOTE
r-devel-linux-x86_64-fedora-gcc 1.1.1 83.63 OK
r-devel-windows-x86_64-new-UL 1.1.1 112.00 100.00 212.00 OK
r-devel-windows-x86_64-new-TK 1.1.1 OK
r-patched-linux-x86_64 1.1.1 10.22 66.49 76.71 OK
r-release-linux-x86_64 1.1.1 8.27 65.56 73.83 OK
r-release-macos-arm64 1.1.1 OK
r-release-macos-x86_64 1.1.1 OK
r-release-windows-ix86+x86_64 1.1.1 14.00 85.00 99.00 OK
r-oldrel-macos-x86_64 1.1.1 OK
r-oldrel-windows-ix86+x86_64 1.1.1 14.00 88.00 102.00 OK

Check Details

Version: 1.1.1
Check: Rd cross-references
Result: NOTE
    Undeclared package ‘plyr’ in Rd xrefs
Flavor: r-devel-linux-x86_64-fedora-clang