CRAN Package Check Results for Package sccore

Last updated on 2022-09-30 15:53:05 CEST.

Flavor Version Tinstall Tcheck Ttotal Status Flags
r-devel-linux-x86_64-debian-clang 1.0.2 66.13 83.06 149.19 OK
r-devel-linux-x86_64-debian-gcc 1.0.2 53.83 62.46 116.29 OK
r-devel-windows-x86_64 1.0.2 60.00 138.00 198.00 OK
r-patched-linux-x86_64 1.0.2 58.95 76.48 135.43 OK
r-release-linux-x86_64 1.0.2 56.03 75.89 131.92 OK
r-release-macos-arm64 1.0.2 53.00 NOTE
r-release-macos-x86_64 1.0.2 76.00 NOTE
r-release-windows-x86_64 1.0.2 69.00 129.00 198.00 OK
r-oldrel-macos-arm64 1.0.2 52.00 NOTE
r-oldrel-macos-x86_64 1.0.2 74.00 NOTE
r-oldrel-windows-ix86+x86_64 1.0.2 163.00 148.00 311.00 OK

Check Details

Version: 1.0.2
Check: installed package size
Result: NOTE
     installed size is 5.8Mb
     sub-directories of 1Mb or more:
     libs 5.0Mb
Flavors: r-release-macos-arm64, r-release-macos-x86_64, r-oldrel-macos-arm64, r-oldrel-macos-x86_64