CRAN Package Check Results for Package scdensity

Last updated on 2022-05-16 06:52:35 CEST.

Flavor Version Tinstall Tcheck Ttotal Status Flags
r-devel-linux-x86_64-debian-clang 1.0.2 4.21 54.45 58.66 NOTE
r-devel-linux-x86_64-debian-gcc 1.0.2 3.39 43.88 47.27 NOTE
r-devel-linux-x86_64-fedora-clang 1.0.2 71.29 NOTE
r-devel-linux-x86_64-fedora-gcc 1.0.2 68.57 NOTE
r-devel-windows-x86_64 1.0.2 38.00 74.00 112.00 NOTE
r-patched-linux-x86_64 1.0.2 4.37 53.73 58.10 NOTE
r-release-linux-x86_64 1.0.2 4.68 53.68 58.36 NOTE
r-release-macos-arm64 1.0.2 21.00 NOTE
r-release-macos-x86_64 1.0.2 29.00 NOTE
r-release-windows-x86_64 1.0.2 48.00 75.00 123.00 NOTE
r-oldrel-macos-arm64 1.0.2 29.00 NOTE
r-oldrel-macos-x86_64 1.0.2 41.00 NOTE
r-oldrel-windows-ix86+x86_64 1.0.2 10.00 72.00 82.00 NOTE

Check Details

Version: 1.0.2
Check: LazyData
Result: NOTE
     'LazyData' is specified without a 'data' directory
Flavors: r-devel-linux-x86_64-debian-clang, r-devel-linux-x86_64-debian-gcc, r-devel-linux-x86_64-fedora-clang, r-devel-linux-x86_64-fedora-gcc, r-devel-windows-x86_64, r-patched-linux-x86_64, r-release-linux-x86_64, r-release-macos-arm64, r-release-macos-x86_64, r-release-windows-x86_64, r-oldrel-macos-arm64, r-oldrel-macos-x86_64, r-oldrel-windows-ix86+x86_64