CRAN Package Check Results for Package scrime

Last updated on 2022-05-20 01:51:16 CEST.

Flavor Version Tinstall Tcheck Ttotal Status Flags
r-devel-linux-x86_64-debian-clang 1.3.5 7.82 71.56 79.38 OK
r-devel-linux-x86_64-debian-gcc 1.3.5 6.52 53.05 59.57 OK
r-devel-linux-x86_64-fedora-clang 1.3.5 95.70 OK
r-devel-linux-x86_64-fedora-gcc 1.3.5 94.03 OK
r-devel-windows-x86_64 1.3.5 33.00 82.00 115.00 OK
r-patched-linux-x86_64 1.3.5 7.87 66.27 74.14 OK
r-release-linux-x86_64 1.3.5 6.35 66.70 73.05 OK
r-release-macos-arm64 1.3.5 21.00 NOTE
r-release-macos-x86_64 1.3.5 35.00 OK
r-release-windows-x86_64 1.3.5 35.00 85.00 120.00 OK
r-oldrel-macos-arm64 1.3.5 25.00 NOTE
r-oldrel-macos-x86_64 1.3.5 49.00 OK
r-oldrel-windows-ix86+x86_64 1.3.5 12.00 72.00 84.00 OK

Check Details

Version: 1.3.5
Check: package dependencies
Result: NOTE
    Package suggested but not available for checking: ‘oligoClasses’
Flavors: r-release-macos-arm64, r-oldrel-macos-arm64